{"id":3751,"date":"2017-10-31T07:45:37","date_gmt":"2017-10-31T07:45:37","guid":{"rendered":"http:\/\/demo2.drfuri.com\/manufactory\/?page_id=39"},"modified":"2026-04-02T12:43:19","modified_gmt":"2026-04-02T09:43:19","slug":"pricing-table","status":"publish","type":"page","link":"https:\/\/turapaper.com\/index.php\/pricing-table\/","title":{"rendered":"Fiyat Listesi"},"content":{"rendered":"<p>[vc_row][vc_column]<div class=\"mf-empty-space \" style=\"\"><div class=\"mf_empty_space_lg\"  style=\"height: 80px\"><\/div><div class=\"mf_empty_space_md\"  style=\"height: 50px\"><\/div><div class=\"mf_empty_space_xs\"  style=\"height: 30px\"><\/div><\/div>[\/vc_column][\/vc_row][vc_row][vc_column][vc_column_text]<\/p>\n<blockquote>\n<p style=\"text-align: center;\"><span style=\"color: #3366ff; font-size: 36pt;\"><strong>F\u0130YAT L\u0130STES\u0130<\/strong><\/span><\/p>\n<\/blockquote>\n<p>[\/vc_column_text][vc_empty_space height=&#8221;15px&#8221;][\/vc_column][\/vc_row][vc_row full_width=&#8221;stretch_row_content_no_spaces&#8221;][vc_column][vc_tta_accordion style=&#8221;modern&#8221; color=&#8221;sky&#8221; gap=&#8221;1&#8243; c_align=&#8221;center&#8221; active_section=&#8221;0&#8243; css_animation=&#8221;fadeIn&#8221; collapsible_all=&#8221;true&#8221;][vc_tta_section title=&#8221;Ka\u011f\u0131t Bazl\u0131 \u00dcr\u00fcnler&#8221; tab_id=&#8221;1558597541581-6a969e36-3b47&#8243;][vc_single_image image=&#8221;4743&#8243; img_size=&#8221;full&#8221;][\/vc_tta_section][vc_tta_section title=&#8221;Film Bazl\u0131 \u00dcr\u00fcnler&#8221; tab_id=&#8221;1558597541614-4250f0dc-f5bd&#8221;][vc_single_image image=&#8221;4744&#8243; img_size=&#8221;full&#8221;][\/vc_tta_section][vc_tta_section title=&#8221;Termal \u00dcr\u00fcnler&#8221; tab_id=&#8221;1558600869380-a55c601a-a32a&#8221;][vc_single_image image=&#8221;4745&#8243; img_size=&#8221;full&#8221;][\/vc_tta_section][vc_tta_section title=&#8221;\u00d6zel \u00dcr\u00fcnler&#8221; tab_id=&#8221;1558600914767-9a56f82d-72a4&#8243;][vc_single_image image=&#8221;4746&#8243; img_size=&#8221;full&#8221;][\/vc_tta_section][\/vc_tta_accordion][\/vc_column][\/vc_row]<\/p>\n","protected":false},"excerpt":{"rendered":"<p>[vc_row][vc_column][\/vc_column][\/vc_row][vc_row][vc_column][vc_column_text] F\u0130YAT L\u0130STES\u0130 [\/vc_column_text][vc_empty_space height=&#8221;15px&#8221;][\/vc_column][\/vc_row][vc_row full_width=&#8221;stretch_row_content_no_spaces&#8221;][vc_column][vc_tta_accordion style=&#8221;modern&#8221; color=&#8221;sky&#8221; gap=&#8221;1&#8243; c_align=&#8221;center&#8221; active_section=&#8221;0&#8243; css_animation=&#8221;fadeIn&#8221; collapsible_all=&#8221;true&#8221;][vc_tta_section title=&#8221;Ka\u011f\u0131t Bazl\u0131 \u00dcr\u00fcnler&#8221; tab_id=&#8221;1558597541581-6a969e36-3b47&#8243;][vc_single_image image=&#8221;4743&#8243; img_size=&#8221;full&#8221;][\/vc_tta_section][vc_tta_section title=&#8221;Film Bazl\u0131 \u00dcr\u00fcnler&#8221; tab_id=&#8221;1558597541614-4250f0dc-f5bd&#8221;][vc_single_image image=&#8221;4744&#8243; img_size=&#8221;full&#8221;][\/vc_tta_section][vc_tta_section title=&#8221;Termal \u00dcr\u00fcnler&#8221; tab_id=&#8221;1558600869380-a55c601a-a32a&#8221;][vc_single_image image=&#8221;4745&#8243; img_size=&#8221;full&#8221;][\/vc_tta_section][vc_tta_section title=&#8221;\u00d6zel \u00dcr\u00fcnler&#8221; tab_id=&#8221;1558600914767-9a56f82d-72a4&#8243;][vc_single_image image=&#8221;4746&#8243; img_size=&#8221;full&#8221;][\/vc_tta_section][\/vc_tta_accordion][\/vc_column][\/vc_row]<\/p>\n","protected":false},"author":1,"featured_media":0,"parent":0,"menu_order":0,"comment_status":"closed","ping_status":"closed","template":"template-fullwidth.php","meta":{"footnotes":""},"_links":{"self":[{"href":"https:\/\/turapaper.com\/index.php\/wp-json\/wp\/v2\/pages\/3751"}],"collection":[{"href":"https:\/\/turapaper.com\/index.php\/wp-json\/wp\/v2\/pages"}],"about":[{"href":"https:\/\/turapaper.com\/index.php\/wp-json\/wp\/v2\/types\/page"}],"author":[{"embeddable":true,"href":"https:\/\/turapaper.com\/index.php\/wp-json\/wp\/v2\/users\/1"}],"replies":[{"embeddable":true,"href":"https:\/\/turapaper.com\/index.php\/wp-json\/wp\/v2\/comments?post=3751"}],"version-history":[{"count":98,"href":"https:\/\/turapaper.com\/index.php\/wp-json\/wp\/v2\/pages\/3751\/revisions"}],"predecessor-version":[{"id":4751,"href":"https:\/\/turapaper.com\/index.php\/wp-json\/wp\/v2\/pages\/3751\/revisions\/4751"}],"wp:attachment":[{"href":"https:\/\/turapaper.com\/index.php\/wp-json\/wp\/v2\/media?parent=3751"}],"curies":[{"name":"wp","href":"https:\/\/api.w.org\/{rel}","templated":true}]}}